digit of 21533470?
3
What is the hundred thousands digit of 1344977?
3
What is the tens digit of 6622179?
7
What is the units digit of 3562378?
8
What is the ten thousands digit of 75738?
7
What is the ten thousands digit of 1341510?
4
What is the thousands digit of 182344?
2
What is the tens digit of 102512?
1
What is the millions digit of 1532280?
1
What is the millions digit of 4614029?
4
What is the hundreds digit of 703803?
8
What is the hundreds digit of 6481085?
0
What is the units digit of 20088945?
5
What is the units digit of 360296?
6
What is the millions digit of 2059721?
2
What is the ten thousands digit of 9905503?
0
What is the thousands digit of 1072989?
2
What is the ten thousands digit of 319052?
1
What is the units digit of 952185?
5
What is the tens digit of 1296172?
7
What is the units digit of 260939?
9
What is the ten thousands digit of 296945?
9
What is the units digit of 869510?
0
What is the hundred thousands digit of 396819?
3
What is the tens digit of 76628?
2
What is the hundreds digit of 838800?
8
What is the thousands digit of 534104?
4
What is the thousands digit of 8184937?
4
What is the tens digit of 1597516?
1
What is the thousands digit of 782527?
2
What is the units digit of 89552?
2
What is the thousands digit of 149025?
9
What is the thousands digit of 25433382?
3
What is the ten thousands digit of 138518?
3
What is the hundred thousands digit of 715021?
7
What is the ten thousands digit of 462834?
6
What is the hundred thousands digit of 155649?
1
What is the thousands digit of 4869255?
9
What is the units digit of 1215760?
0
What is the thousands digit of 576445?
6
What is the thousands digit of 326074?
6
What is the tens digit of 389150?
5
What is the units digit of 190139?
9
What is the units digit of 1446634?
4
What is the units digit of 17384447?
7
What is the ten thousands digit of 899465?
9
What is the units digit of 133992?
2
What is the hundred thousands digit of 648478?
6
What is the hundred thousands digit of 3541889?
5
What is the hundred thousands digit of 10303877?
3
What is the hundred thousands digit of 284449?
2
What is the ten thousands digit of 556621?
5
What is the thousands digit of 5416148?
6
What is the hundred thousands digit of 1212999?
2
What is the tens digit of 83999?
9
What is the units digit of 26816398?
8
What is the hundreds digit of 2506949?
9
What is the ten thousands digit of 2671345?
7
What is the ten thousands digit of 1000793?
0
What is the units digit of 1069381?
1
What is the ten thousands digit of 112870?
1
What is the hundred thousands digit of 1244756?
2
What is the tens digit of 122490?
9
What is the millions digit of 5744470?
5
What is the ten thousands digit of 19986625?
8
What is the tens digit of 16986140?
4
What is the units digit of 5187918?
8
What is the ten thousands digit of 11582?
1
What is the thousands digit of 6972073?
2
What is the millions digit of 1024368?
1
What is the tens digit of 35987414?
1
What is the ten thousands digit of 9408922?
0
What is the ten thousands digit of 4036042?
3
What is the tens digit of 7924202?
0
What is the millions digit of 1189373?
1
What is the thousands digit of 2140799?
0
What is the ten thousands digit of 2765516?
6
What is the units digit of 978207?
7
What is the millions digit of 8546683?
8
What is the tens digit of 1918058?
5
What is the thousands digit of 1238858?
8
What is the thousands digit of 495587?
5
What is the tens digit of 208253?
5
What is the hundreds digit of 311620?
6
What is the hundreds digit of 7212569?
5
What is the tens digit of 187588?
8
What is the units digit of 21632?
2
What is the hundreds digit of 443356?
3
What is the ten millions digit of 10253391?
1
What is the hundreds digit of 3420973?
9
What is the units digit of 32910638?
8
What is the ten thousands digit of 214636?
1
What is the thousands digit of 263028?
3
What is the thousands digit of 11654800?
4
What is the thousands digit of 22714691?
4
What is the thousands digit of 421296?
1
What is the hundreds digit of 1730379?
3
What is the tens digit of 540235?
3
What is the hundreds digit of 2108468?
4
What is the hundred thousands digit of 187880?
1
What is the tens digit of 678065?
6
What is the thousands digit of 220145?
0
What is the hundreds digit of 538705?
7
What is the hundred thousands digit of 6089725?
0
What is the thousands digit of 770560?
0
What is the thousands digit of 116459?
6
What is the ten thousands digit of 23117850?
1
What is the hundreds digit of 7428128?
1
What is the ten thousands digit of 340328?
4
What is the thousands digit of 315624?
5
What is the thousands digit of 13234566?
4
What is the hundred thousands digit of 5656593?
6
What is the ten thousands digit of 3292656?
9
What is the hundreds digit of 2256468?
4
What is the millions digit of 1422888?
1
What is the hundred thousands digit of 1834695?
8
What is the tens digit of 114065?
6
What is the thousands digit of 1522778?
2
What is the units digit of 394179?
9
What is the tens digit of 837275?
7
What is the hundreds digit of 9683820?
8
What is the units digit of 3539223?
3
What is the thousands digit of 1779439?
9
What is the thousands digit of 7154675?
4
What is the hundreds digit of 473996?
9
What is the tens digit of 122281?
8
What is the hundred thousands digit of 2113883?
1
What is the ten thousands digit of 933636?
3
What is the units digit of 1886059?
9
What is the units digit of 828898?
8
What is the units digit of 9124067?
7
What is the tens digit of 144537?
3
What is the units digit of 3254036?
6
What is the tens digit of 12335?
3
What is the ten thousands digit of 1437684?
3
What is the units digit of 29059?
9
What is the millions digit of 14938385?
4
What is the units digit of 602555?
5
What is the thousands digit of 2073368?
3
What is the tens digit of 1636625?
2
What is the hundred thousands digit of 1189216?
1
What is the thousands digit of 7424539?
4
What is the millions digit of 4121767?
4
What is the units digit of 9370499?
9
What is the tens digit of 2948455?
5
What is the units digit of 6302881?
1
What is the ten thousands digit of 3576164?
7
What is the tens digit of 508888?
8
What is the thousands digit of 357823?
7
What is the hundred thousands digit of 394678?
3
What is the hundred thousands digit of 2448597?
4
What is the ten thousands digit of 1459934?
5
What is the thousands digit of 703271?
3
What is the units digit of 1322009?
9
What is the thousands digit of 362845?
2
What is the millions digit of 1769727?
1
What is the hundreds digit of 863596?
5
What is the millions digit of 1112876?
1
What is the thousands digit of 2164941?
4
What is the hundreds digit of 1422140?
1
What is the hundreds digit of 275677?
6
What is the ten thousands digit of 1138921?
3
What is the thousands digit of 8371915?
1
What is the hundreds digit of 453110?
1
What is the hundreds digit of 56346?
3
What is the ten thousands digit of 2479997?
7
What is the units digit of 19550807?
7
What is the ten thousands digit of 294025?
9
What is the units digit of 665278?
8
What is the hundreds digit of 1811389?
3
What is the thousands digit of 1787203?
7
What is the tens digit of 10047674?
7
What is the units digit of 14884?
4
What is the hundreds digit of 174728?
7
What is the hundred thousands digit of 1745341?
7
What is the hundred thousands digit of 6447726?
4
What is the ten thousands digit of 122353?
2
What is the tens digit of 189217?
1
What is the units digit of 11193078?
8
What is the units digit of 182846?
6
What is the units digit of 240138?
8
What is the hundred thousands digit of 524430?
5
What is the thousands digit of 1095777?
5
What is the millions digit of 2291068?
2
What is the tens digit of 6381610?
1
What is the hundreds digit of 462318?
3
What is the hundred thousands digit of 595531?
5
What is the thousands digit of 6444262?
4
What is the units digit of 233967?
7
What is the hundreds digit of 5039648?
6
What is the ten thousands digit of 4540924?
4
What is the tens digit of 2785366?
6
What is the hundred thousands digit of 132398?
1
What is the ten thousands digit of 17960645?
6
What is the millions digit of 20895841?
0
What is the ten thousands digit of 630761?
3
What is the thousands digit of 2476507?
6
What is the units digit o